{"id":16679,"date":"2022-10-17T19:47:39","date_gmt":"2022-10-17T19:47:39","guid":{"rendered":"https:\/\/www.collegesinstitutes.ca\/?page_id=16679"},"modified":"2023-01-17T21:46:25","modified_gmt":"2023-01-17T21:46:25","slug":"animateur","status":"publish","type":"page","link":"https:\/\/www.collegesinstitutes.ca\/fr\/evenements\/perspectives-en-direct\/animateur\/","title":{"rendered":"L\u2019animateur"},"content":{"rendered":"<h2 class=\"border-0\">Normand Latour<\/h2>\n<p>Animateur \u00e0 la radio et \u00e0 la t\u00e9l\u00e9vision de Radio-Canada pendant plus de 32 ans, Normand Latour a d\u00e9velopp\u00e9 une solide connaissance du milieu des m\u00e9dias, un regard pertinent sur les tendances de la soci\u00e9t\u00e9 ainsi qu\u2019un sens de l\u2019empathie et une \u00e9coute active exceptionnels lui permettant de mettre en lumi\u00e8re les milliers d\u2019invit\u00e9s avec qui il a partag\u00e9 l\u2019antenne au fil des ans.<\/p>\n<p>Il est reconnu pour son sens de l\u2019humour, sa vivacit\u00e9 d\u2019esprit et sa capacit\u00e9 \u00e0 vulgariser des sujets et concepts complexes. Normand est encore actif professionnellement aujourd\u2019hui en pr\u00eatant sa voix \u00e0 divers clients dans le milieu publicitaire, pour des narrations corporatives et pour \u00e9laborer et cr\u00e9er des \u00e9missions et des contenus audio ou t\u00e9l\u00e9visuels.<\/p>\n<p>On a souvent recours \u00e0 lui \u00e0 titre de mod\u00e9rateur de table ronde, animateur ou comme de ma\u00eetre de c\u00e9r\u00e9monie.<\/p>\n<p>Il dirige aussi son \u00e9cole de voile croisi\u00e8re qui lui permet ainsi de partager sa passion.<\/p>\n<p>Suivez Normand sur <a href=\"https:\/\/www.linkedin.com\/in\/normand-latour-00696328\/\" rel=\"noopener\" target=\"_blank\">LindedIn<\/a> et <a href=\"https:\/\/www.facebook.com\/normand.latour.58\" rel=\"noopener\" target=\"_blank\">Facebook<\/a>.<\/p>\n","protected":false},"excerpt":{"rendered":"<p>Normand Latour Animateur \u00e0 la radio et \u00e0 la t\u00e9l\u00e9vision de Radio-Canada pendant plus de 32 ans, Normand Latour a d\u00e9velopp\u00e9 une solide connaissance du milieu des m\u00e9dias, un regard&#8230;<\/p>\n","protected":false},"author":1,"featured_media":16680,"parent":16113,"menu_order":0,"comment_status":"closed","ping_status":"closed","template":"","meta":{"_acf_changed":false,"footnotes":""},"categories":[],"tags":[],"class_list":["post-16679","page","type-page","status-publish","has-post-thumbnail","hentry"],"acf":[],"yoast_head":"<!-- This site is optimized with the Yoast SEO plugin v27.5 - https:\/\/yoast.com\/product\/yoast-seo-wordpress\/ -->\n<title>L\u2019animateur - Colleges and Institutes Canada<\/title>\n<meta name=\"robots\" content=\"index, follow, max-snippet:-1, max-image-preview:large, max-video-preview:-1\" \/>\n<link rel=\"canonical\" href=\"https:\/\/www.collegesinstitutes.ca\/fr\/evenements\/perspectives-en-direct\/animateur\/\" \/>\n<meta property=\"og:locale\" content=\"fr_FR\" \/>\n<meta property=\"og:type\" content=\"article\" \/>\n<meta property=\"og:title\" content=\"L\u2019animateur - Colleges and Institutes Canada\" \/>\n<meta property=\"og:description\" content=\"Normand Latour Animateur \u00e0 la radio et \u00e0 la t\u00e9l\u00e9vision de Radio-Canada pendant plus de 32 ans, Normand Latour a d\u00e9velopp\u00e9 une solide connaissance du milieu des m\u00e9dias, un regard...\" \/>\n<meta property=\"og:url\" content=\"https:\/\/www.collegesinstitutes.ca\/fr\/evenements\/perspectives-en-direct\/animateur\/\" \/>\n<meta property=\"og:site_name\" content=\"Colleges and Institutes Canada\" \/>\n<meta property=\"article:modified_time\" content=\"2023-01-17T21:46:25+00:00\" \/>\n<meta property=\"og:image\" content=\"https:\/\/www.collegesinstitutes.ca\/wp-content\/uploads\/2023\/01\/Normand-bio-image-v1.jpg\" \/>\n\t<meta property=\"og:image:width\" content=\"1200\" \/>\n\t<meta property=\"og:image:height\" content=\"628\" \/>\n\t<meta property=\"og:image:type\" content=\"image\/jpeg\" \/>\n<meta name=\"twitter:card\" content=\"summary_large_image\" \/>\n<meta name=\"twitter:label1\" content=\"Est. reading time\" \/>\n\t<meta name=\"twitter:data1\" content=\"1 minute\" \/>\n<script type=\"application\/ld+json\" class=\"yoast-schema-graph\">{\"@context\":\"https:\\\/\\\/schema.org\",\"@graph\":[{\"@type\":\"WebPage\",\"@id\":\"https:\\\/\\\/www.collegesinstitutes.ca\\\/fr\\\/evenements\\\/perspectives-en-direct\\\/animateur\\\/\",\"url\":\"https:\\\/\\\/www.collegesinstitutes.ca\\\/fr\\\/evenements\\\/perspectives-en-direct\\\/animateur\\\/\",\"name\":\"L\u2019animateur - Colleges and Institutes Canada\",\"isPartOf\":{\"@id\":\"https:\\\/\\\/www.collegesinstitutes.ca\\\/fr\\\/#website\"},\"primaryImageOfPage\":{\"@id\":\"https:\\\/\\\/www.collegesinstitutes.ca\\\/fr\\\/evenements\\\/perspectives-en-direct\\\/animateur\\\/#primaryimage\"},\"image\":{\"@id\":\"https:\\\/\\\/www.collegesinstitutes.ca\\\/fr\\\/evenements\\\/perspectives-en-direct\\\/animateur\\\/#primaryimage\"},\"thumbnailUrl\":\"https:\\\/\\\/www.collegesinstitutes.ca\\\/wp-content\\\/uploads\\\/2023\\\/01\\\/Normand-bio-image-v1.jpg\",\"datePublished\":\"2022-10-17T19:47:39+00:00\",\"dateModified\":\"2023-01-17T21:46:25+00:00\",\"breadcrumb\":{\"@id\":\"https:\\\/\\\/www.collegesinstitutes.ca\\\/fr\\\/evenements\\\/perspectives-en-direct\\\/animateur\\\/#breadcrumb\"},\"inLanguage\":\"fr-FR\",\"potentialAction\":[{\"@type\":\"ReadAction\",\"target\":[\"https:\\\/\\\/www.collegesinstitutes.ca\\\/fr\\\/evenements\\\/perspectives-en-direct\\\/animateur\\\/\"]}]},{\"@type\":\"ImageObject\",\"inLanguage\":\"fr-FR\",\"@id\":\"https:\\\/\\\/www.collegesinstitutes.ca\\\/fr\\\/evenements\\\/perspectives-en-direct\\\/animateur\\\/#primaryimage\",\"url\":\"https:\\\/\\\/www.collegesinstitutes.ca\\\/wp-content\\\/uploads\\\/2023\\\/01\\\/Normand-bio-image-v1.jpg\",\"contentUrl\":\"https:\\\/\\\/www.collegesinstitutes.ca\\\/wp-content\\\/uploads\\\/2023\\\/01\\\/Normand-bio-image-v1.jpg\",\"width\":1200,\"height\":628,\"caption\":\"Normand Latour\"},{\"@type\":\"BreadcrumbList\",\"@id\":\"https:\\\/\\\/www.collegesinstitutes.ca\\\/fr\\\/evenements\\\/perspectives-en-direct\\\/animateur\\\/#breadcrumb\",\"itemListElement\":[{\"@type\":\"ListItem\",\"position\":1,\"name\":\"Home\",\"item\":\"https:\\\/\\\/www.collegesinstitutes.ca\\\/fr\\\/\"},{\"@type\":\"ListItem\",\"position\":2,\"name\":\"\u00c9v\u00e9nements \u00e0 venir\",\"item\":\"https:\\\/\\\/www.collegesinstitutes.ca\\\/fr\\\/evenements\\\/\"},{\"@type\":\"ListItem\",\"position\":3,\"name\":\"Perspectives EN DIRECT\",\"item\":\"https:\\\/\\\/www.collegesinstitutes.ca\\\/fr\\\/?page_id=16113\"},{\"@type\":\"ListItem\",\"position\":4,\"name\":\"L\u2019animateur\"}]},{\"@type\":\"WebSite\",\"@id\":\"https:\\\/\\\/www.collegesinstitutes.ca\\\/fr\\\/#website\",\"url\":\"https:\\\/\\\/www.collegesinstitutes.ca\\\/fr\\\/\",\"name\":\"Colleges and Institutes Canada\",\"description\":\"The Voice of Canada&#039;s Colleges &amp; Institutes\",\"publisher\":{\"@id\":\"https:\\\/\\\/www.collegesinstitutes.ca\\\/fr\\\/#organization\"},\"potentialAction\":[{\"@type\":\"SearchAction\",\"target\":{\"@type\":\"EntryPoint\",\"urlTemplate\":\"https:\\\/\\\/www.collegesinstitutes.ca\\\/fr\\\/?s={search_term_string}\"},\"query-input\":{\"@type\":\"PropertyValueSpecification\",\"valueRequired\":true,\"valueName\":\"search_term_string\"}}],\"inLanguage\":\"fr-FR\"},{\"@type\":\"Organization\",\"@id\":\"https:\\\/\\\/www.collegesinstitutes.ca\\\/fr\\\/#organization\",\"name\":\"Colleges and Institutes Canada\",\"url\":\"https:\\\/\\\/www.collegesinstitutes.ca\\\/fr\\\/\",\"logo\":{\"@type\":\"ImageObject\",\"inLanguage\":\"fr-FR\",\"@id\":\"https:\\\/\\\/www.collegesinstitutes.ca\\\/fr\\\/#\\\/schema\\\/logo\\\/image\\\/\",\"url\":\"https:\\\/\\\/www.collegesinstitutes.ca\\\/wp-content\\\/uploads\\\/2025\\\/06\\\/logo-en.png\",\"contentUrl\":\"https:\\\/\\\/www.collegesinstitutes.ca\\\/wp-content\\\/uploads\\\/2025\\\/06\\\/logo-en.png\",\"width\":794,\"height\":280,\"caption\":\"Colleges and Institutes Canada\"},\"image\":{\"@id\":\"https:\\\/\\\/www.collegesinstitutes.ca\\\/fr\\\/#\\\/schema\\\/logo\\\/image\\\/\"}}]}<\/script>\n<!-- \/ Yoast SEO plugin. -->","yoast_head_json":{"title":"L\u2019animateur - Colleges and Institutes Canada","robots":{"index":"index","follow":"follow","max-snippet":"max-snippet:-1","max-image-preview":"max-image-preview:large","max-video-preview":"max-video-preview:-1"},"canonical":"https:\/\/www.collegesinstitutes.ca\/fr\/evenements\/perspectives-en-direct\/animateur\/","og_locale":"fr_FR","og_type":"article","og_title":"L\u2019animateur - Colleges and Institutes Canada","og_description":"Normand Latour Animateur \u00e0 la radio et \u00e0 la t\u00e9l\u00e9vision de Radio-Canada pendant plus de 32 ans, Normand Latour a d\u00e9velopp\u00e9 une solide connaissance du milieu des m\u00e9dias, un regard...","og_url":"https:\/\/www.collegesinstitutes.ca\/fr\/evenements\/perspectives-en-direct\/animateur\/","og_site_name":"Colleges and Institutes Canada","article_modified_time":"2023-01-17T21:46:25+00:00","og_image":[{"width":1200,"height":628,"url":"https:\/\/www.collegesinstitutes.ca\/wp-content\/uploads\/2023\/01\/Normand-bio-image-v1.jpg","type":"image\/jpeg"}],"twitter_card":"summary_large_image","twitter_misc":{"Est. reading time":"1 minute"},"schema":{"@context":"https:\/\/schema.org","@graph":[{"@type":"WebPage","@id":"https:\/\/www.collegesinstitutes.ca\/fr\/evenements\/perspectives-en-direct\/animateur\/","url":"https:\/\/www.collegesinstitutes.ca\/fr\/evenements\/perspectives-en-direct\/animateur\/","name":"L\u2019animateur - Colleges and Institutes Canada","isPartOf":{"@id":"https:\/\/www.collegesinstitutes.ca\/fr\/#website"},"primaryImageOfPage":{"@id":"https:\/\/www.collegesinstitutes.ca\/fr\/evenements\/perspectives-en-direct\/animateur\/#primaryimage"},"image":{"@id":"https:\/\/www.collegesinstitutes.ca\/fr\/evenements\/perspectives-en-direct\/animateur\/#primaryimage"},"thumbnailUrl":"https:\/\/www.collegesinstitutes.ca\/wp-content\/uploads\/2023\/01\/Normand-bio-image-v1.jpg","datePublished":"2022-10-17T19:47:39+00:00","dateModified":"2023-01-17T21:46:25+00:00","breadcrumb":{"@id":"https:\/\/www.collegesinstitutes.ca\/fr\/evenements\/perspectives-en-direct\/animateur\/#breadcrumb"},"inLanguage":"fr-FR","potentialAction":[{"@type":"ReadAction","target":["https:\/\/www.collegesinstitutes.ca\/fr\/evenements\/perspectives-en-direct\/animateur\/"]}]},{"@type":"ImageObject","inLanguage":"fr-FR","@id":"https:\/\/www.collegesinstitutes.ca\/fr\/evenements\/perspectives-en-direct\/animateur\/#primaryimage","url":"https:\/\/www.collegesinstitutes.ca\/wp-content\/uploads\/2023\/01\/Normand-bio-image-v1.jpg","contentUrl":"https:\/\/www.collegesinstitutes.ca\/wp-content\/uploads\/2023\/01\/Normand-bio-image-v1.jpg","width":1200,"height":628,"caption":"Normand Latour"},{"@type":"BreadcrumbList","@id":"https:\/\/www.collegesinstitutes.ca\/fr\/evenements\/perspectives-en-direct\/animateur\/#breadcrumb","itemListElement":[{"@type":"ListItem","position":1,"name":"Home","item":"https:\/\/www.collegesinstitutes.ca\/fr\/"},{"@type":"ListItem","position":2,"name":"\u00c9v\u00e9nements \u00e0 venir","item":"https:\/\/www.collegesinstitutes.ca\/fr\/evenements\/"},{"@type":"ListItem","position":3,"name":"Perspectives EN DIRECT","item":"https:\/\/www.collegesinstitutes.ca\/fr\/?page_id=16113"},{"@type":"ListItem","position":4,"name":"L\u2019animateur"}]},{"@type":"WebSite","@id":"https:\/\/www.collegesinstitutes.ca\/fr\/#website","url":"https:\/\/www.collegesinstitutes.ca\/fr\/","name":"Colleges and Institutes Canada","description":"The Voice of Canada&#039;s Colleges &amp; Institutes","publisher":{"@id":"https:\/\/www.collegesinstitutes.ca\/fr\/#organization"},"potentialAction":[{"@type":"SearchAction","target":{"@type":"EntryPoint","urlTemplate":"https:\/\/www.collegesinstitutes.ca\/fr\/?s={search_term_string}"},"query-input":{"@type":"PropertyValueSpecification","valueRequired":true,"valueName":"search_term_string"}}],"inLanguage":"fr-FR"},{"@type":"Organization","@id":"https:\/\/www.collegesinstitutes.ca\/fr\/#organization","name":"Colleges and Institutes Canada","url":"https:\/\/www.collegesinstitutes.ca\/fr\/","logo":{"@type":"ImageObject","inLanguage":"fr-FR","@id":"https:\/\/www.collegesinstitutes.ca\/fr\/#\/schema\/logo\/image\/","url":"https:\/\/www.collegesinstitutes.ca\/wp-content\/uploads\/2025\/06\/logo-en.png","contentUrl":"https:\/\/www.collegesinstitutes.ca\/wp-content\/uploads\/2025\/06\/logo-en.png","width":794,"height":280,"caption":"Colleges and Institutes Canada"},"image":{"@id":"https:\/\/www.collegesinstitutes.ca\/fr\/#\/schema\/logo\/image\/"}}]}},"_links":{"self":[{"href":"https:\/\/www.collegesinstitutes.ca\/fr\/wp-json\/wp\/v2\/pages\/16679","targetHints":{"allow":["GET"]}}],"collection":[{"href":"https:\/\/www.collegesinstitutes.ca\/fr\/wp-json\/wp\/v2\/pages"}],"about":[{"href":"https:\/\/www.collegesinstitutes.ca\/fr\/wp-json\/wp\/v2\/types\/page"}],"author":[{"embeddable":true,"href":"https:\/\/www.collegesinstitutes.ca\/fr\/wp-json\/wp\/v2\/users\/1"}],"replies":[{"embeddable":true,"href":"https:\/\/www.collegesinstitutes.ca\/fr\/wp-json\/wp\/v2\/comments?post=16679"}],"version-history":[{"count":0,"href":"https:\/\/www.collegesinstitutes.ca\/fr\/wp-json\/wp\/v2\/pages\/16679\/revisions"}],"up":[{"embeddable":true,"href":"https:\/\/www.collegesinstitutes.ca\/fr\/wp-json\/wp\/v2\/pages\/16113"}],"wp:featuredmedia":[{"embeddable":true,"href":"https:\/\/www.collegesinstitutes.ca\/fr\/wp-json\/wp\/v2\/media\/16680"}],"wp:attachment":[{"href":"https:\/\/www.collegesinstitutes.ca\/fr\/wp-json\/wp\/v2\/media?parent=16679"}],"wp:term":[{"taxonomy":"category","embeddable":true,"href":"https:\/\/www.collegesinstitutes.ca\/fr\/wp-json\/wp\/v2\/categories?post=16679"},{"taxonomy":"post_tag","embeddable":true,"href":"https:\/\/www.collegesinstitutes.ca\/fr\/wp-json\/wp\/v2\/tags?post=16679"}],"curies":[{"name":"wp","href":"https:\/\/api.w.org\/{rel}","templated":true}]}}

<h2 class="border-0">Normand Latour</h2>
<p>Animateur à la radio et à la télévision de Radio-Canada pendant plus de 32 ans, Normand Latour a développé une solide connaissance du milieu des médias, un regard pertinent sur les tendances de la société ainsi qu’un sens de l’empathie et une écoute active exceptionnels lui permettant de mettre en lumière les milliers d’invités avec qui il a partagé l’antenne au fil des ans.</p>
<p>Il est reconnu pour son sens de l’humour, sa vivacité d’esprit et sa capacité à vulgariser des sujets et concepts complexes. Normand est encore actif professionnellement aujourd’hui en prêtant sa voix à divers clients dans le milieu publicitaire, pour des narrations corporatives et pour élaborer et créer des émissions et des contenus audio ou télévisuels.</p>
<p>On a souvent recours à lui à titre de modérateur de table ronde, animateur ou comme de maître de cérémonie.</p>
<p>Il dirige aussi son école de voile croisière qui lui permet ainsi de partager sa passion.</p>
<p>Suivez Normand sur <a href="https://www.linkedin.com/in/normand-latour-00696328/" rel="noopener" target="_blank">LindedIn</a> et <a href="https://www.facebook.com/normand.latour.58" rel="noopener" target="_blank">Facebook</a>.</p>

<p>Normand Latour Animateur à la radio et à la télévision de Radio-Canada pendant plus de 32 ans, Normand Latour a développé une solide connaissance du milieu des médias, un regard&#8230;</p>

<!-- This site is optimized with the Yoast SEO plugin v27.5 - https://yoast.com/product/yoast-seo-wordpress/ -->
<title>L’animateur - Colleges and Institutes Canada</title>
<meta name="robots" content="index, follow, max-snippet:-1, max-image-preview:large, max-video-preview:-1" />
<link rel="canonical" href="https://www.collegesinstitutes.ca/fr/evenements/perspectives-en-direct/animateur/" />
<meta property="og:locale" content="fr_FR" />
<meta property="og:type" content="article" />
<meta property="og:title" content="L’animateur - Colleges and Institutes Canada" />
<meta property="og:description" content="Normand Latour Animateur à la radio et à la télévision de Radio-Canada pendant plus de 32 ans, Normand Latour a développé une solide connaissance du milieu des médias, un regard..." />
<meta property="og:url" content="https://www.collegesinstitutes.ca/fr/evenements/perspectives-en-direct/animateur/" />
<meta property="og:site_name" content="Colleges and Institutes Canada" />
<meta property="article:modified_time" content="2023-01-17T21:46:25+00:00" />
<meta property="og:image" content="https://www.collegesinstitutes.ca/wp-content/uploads/2023/01/Normand-bio-image-v1.jpg" />
	<meta property="og:image:width" content="1200" />
	<meta property="og:image:height" content="628" />
	<meta property="og:image:type" content="image/jpeg" />
<meta name="twitter:card" content="summary_large_image" />
<meta name="twitter:label1" content="Est. reading time" />
	<meta name="twitter:data1" content="1 minute" />
<script type="application/ld+json" class="yoast-schema-graph">{"@context":"https:\/\/schema.org","@graph":[{"@type":"WebPage","@id":"https:\/\/www.collegesinstitutes.ca\/fr\/evenements\/perspectives-en-direct\/animateur\/","url":"https:\/\/www.collegesinstitutes.ca\/fr\/evenements\/perspectives-en-direct\/animateur\/","name":"L’animateur - Colleges and Institutes Canada","isPartOf":{"@id":"https:\/\/www.collegesinstitutes.ca\/fr\/#website"},"primaryImageOfPage":{"@id":"https:\/\/www.collegesinstitutes.ca\/fr\/evenements\/perspectives-en-direct\/animateur\/#primaryimage"},"image":{"@id":"https:\/\/www.collegesinstitutes.ca\/fr\/evenements\/perspectives-en-direct\/animateur\/#primaryimage"},"thumbnailUrl":"https:\/\/www.collegesinstitutes.ca\/wp-content\/uploads\/2023\/01\/Normand-bio-image-v1.jpg","datePublished":"2022-10-17T19:47:39+00:00","dateModified":"2023-01-17T21:46:25+00:00","breadcrumb":{"@id":"https:\/\/www.collegesinstitutes.ca\/fr\/evenements\/perspectives-en-direct\/animateur\/#breadcrumb"},"inLanguage":"fr-FR","potentialAction":[{"@type":"ReadAction","target":["https:\/\/www.collegesinstitutes.ca\/fr\/evenements\/perspectives-en-direct\/animateur\/"]}]},{"@type":"ImageObject","inLanguage":"fr-FR","@id":"https:\/\/www.collegesinstitutes.ca\/fr\/evenements\/perspectives-en-direct\/animateur\/#primaryimage","url":"https:\/\/www.collegesinstitutes.ca\/wp-content\/uploads\/2023\/01\/Normand-bio-image-v1.jpg","contentUrl":"https:\/\/www.collegesinstitutes.ca\/wp-content\/uploads\/2023\/01\/Normand-bio-image-v1.jpg","width":1200,"height":628,"caption":"Normand Latour"},{"@type":"BreadcrumbList","@id":"https:\/\/www.collegesinstitutes.ca\/fr\/evenements\/perspectives-en-direct\/animateur\/#breadcrumb","itemListElement":[{"@type":"ListItem","position":1,"name":"Home","item":"https:\/\/www.collegesinstitutes.ca\/fr\/"},{"@type":"ListItem","position":2,"name":"Événements à venir","item":"https:\/\/www.collegesinstitutes.ca\/fr\/evenements\/"},{"@type":"ListItem","position":3,"name":"Perspectives EN DIRECT","item":"https:\/\/www.collegesinstitutes.ca\/fr\/?page_id=16113"},{"@type":"ListItem","position":4,"name":"L’animateur"}]},{"@type":"WebSite","@id":"https:\/\/www.collegesinstitutes.ca\/fr\/#website","url":"https:\/\/www.collegesinstitutes.ca\/fr\/","name":"Colleges and Institutes Canada","description":"The Voice of Canada&#039;s Colleges &amp; Institutes","publisher":{"@id":"https:\/\/www.collegesinstitutes.ca\/fr\/#organization"},"potentialAction":[{"@type":"SearchAction","target":{"@type":"EntryPoint","urlTemplate":"https:\/\/www.collegesinstitutes.ca\/fr\/?s={search_term_string}"},"query-input":{"@type":"PropertyValueSpecification","valueRequired":true,"valueName":"search_term_string"}}],"inLanguage":"fr-FR"},{"@type":"Organization","@id":"https:\/\/www.collegesinstitutes.ca\/fr\/#organization","name":"Colleges and Institutes Canada","url":"https:\/\/www.collegesinstitutes.ca\/fr\/","logo":{"@type":"ImageObject","inLanguage":"fr-FR","@id":"https:\/\/www.collegesinstitutes.ca\/fr\/#\/schema\/logo\/image\/","url":"https:\/\/www.collegesinstitutes.ca\/wp-content\/uploads\/2025\/06\/logo-en.png","contentUrl":"https:\/\/www.collegesinstitutes.ca\/wp-content\/uploads\/2025\/06\/logo-en.png","width":794,"height":280,"caption":"Colleges and Institutes Canada"},"image":{"@id":"https:\/\/www.collegesinstitutes.ca\/fr\/#\/schema\/logo\/image\/"}}]}</script>
<!-- / Yoast SEO plugin. -->

Normand Latour Animateur à la radio et à la télévision de Radio-Canada pendant plus de 32 ans, Normand Latour a développé une solide connaissance du milieu des médias, un regard...

Événements à venir
