{"version":"1.0","provider_name":"Colleges and Institutes Canada","provider_url":"https:\/\/www.collegesinstitutes.ca\/fr\/","author_name":"PugLove","author_url":"https:\/\/www.collegesinstitutes.ca\/fr\/author\/shill\/","title":"C\u00e9l\u00e9brons la r\u00e9silience des femmes francophones! - Colleges and Institutes Canada","type":"rich","width":600,"height":338,"html":"<blockquote class=\"wp-embedded-content\" data-secret=\"yDWB33QsY7\"><a href=\"https:\/\/www.collegesinstitutes.ca\/fr\/news-release\/celebrons-la-resilience-des-femmes-francophones\/\">C\u00e9l\u00e9brons la r\u00e9silience des femmes francophones!<\/a><\/blockquote><iframe sandbox=\"allow-scripts\" security=\"restricted\" src=\"https:\/\/www.collegesinstitutes.ca\/fr\/news-release\/celebrons-la-resilience-des-femmes-francophones\/embed\/#?secret=yDWB33QsY7\" width=\"600\" height=\"338\" title=\"\u00ab\u00a0C\u00e9l\u00e9brons la r\u00e9silience des femmes francophones!\u00a0\u00bb &#8212; Colleges and Institutes Canada\" data-secret=\"yDWB33QsY7\" frameborder=\"0\" marginwidth=\"0\" marginheight=\"0\" scrolling=\"no\" class=\"wp-embedded-content\"><\/iframe><script>\n\/*! This file is auto-generated *\/\n!function(d,l){\"use strict\";l.querySelector&&d.addEventListener&&\"undefined\"!=typeof URL&&(d.wp=d.wp||{},d.wp.receiveEmbedMessage||(d.wp.receiveEmbedMessage=function(e){var t=e.data;if((t||t.secret||t.message||t.value)&&!\/[^a-zA-Z0-9]\/.test(t.secret)){for(var s,r,n,a=l.querySelectorAll('iframe[data-secret=\"'+t.secret+'\"]'),o=l.querySelectorAll('blockquote[data-secret=\"'+t.secret+'\"]'),c=new RegExp(\"^https?:$\",\"i\"),i=0;i<o.length;i++)o[i].style.display=\"none\";for(i=0;i<a.length;i++)s=a[i],e.source===s.contentWindow&&(s.removeAttribute(\"style\"),\"height\"===t.message?(1e3<(r=parseInt(t.value,10))?r=1e3:~~r<200&&(r=200),s.height=r):\"link\"===t.message&&(r=new URL(s.getAttribute(\"src\")),n=new URL(t.value),c.test(n.protocol))&&n.host===r.host&&l.activeElement===s&&(d.top.location.href=t.value))}},d.addEventListener(\"message\",d.wp.receiveEmbedMessage,!1),l.addEventListener(\"DOMContentLoaded\",function(){for(var e,t,s=l.querySelectorAll(\"iframe.wp-embedded-content\"),r=0;r<s.length;r++)(t=(e=s[r]).getAttribute(\"data-secret\"))||(t=Math.random().toString(36).substring(2,12),e.src+=\"#?secret=\"+t,e.setAttribute(\"data-secret\",t)),e.contentWindow.postMessage({message:\"ready\",secret:t},\"*\")},!1)))}(window,document);\n\/\/# sourceURL=https:\/\/www.collegesinstitutes.ca\/wp-includes\/js\/wp-embed.min.js\n<\/script>\n","description":"Depuis plus de 50 ans,\u00a0l\u2019Organisation\u00a0internationale de la francophonie travaille \u00e0 promouvoir la richesse de la langue fran\u00e7aise, la diversit\u00e9 de la culture francophone \u00e0 travers le monde et la coop\u00e9ration entre ses pays membres.\u00a0\u00c0 l\u2019occasion de la Journ\u00e9e internationale de la francophonie, nous nous joignons aux francophones et aux francophiles pour c\u00e9l\u00e9brer!"}

Célébrons la résilience des femmes francophones! - Colleges and Institutes Canada

<blockquote class="wp-embedded-content" data-secret="yDWB33QsY7"><a href="https://www.collegesinstitutes.ca/fr/news-release/celebrons-la-resilience-des-femmes-francophones/">Célébrons la résilience des femmes francophones!</a></blockquote><iframe sandbox="allow-scripts" security="restricted" src="https://www.collegesinstitutes.ca/fr/news-release/celebrons-la-resilience-des-femmes-francophones/embed/#?secret=yDWB33QsY7" width="600" height="338" title="« Célébrons la résilience des femmes francophones! » &#8212; Colleges and Institutes Canada" data-secret="yDWB33QsY7" frameborder="0" marginwidth="0" marginheight="0" scrolling="no" class="wp-embedded-content"></iframe><script>
/*! This file is auto-generated */
!function(d,l){"use strict";l.querySelector&&d.addEventListener&&"undefined"!=typeof URL&&(d.wp=d.wp||{},d.wp.receiveEmbedMessage||(d.wp.receiveEmbedMessage=function(e){var t=e.data;if((t||t.secret||t.message||t.value)&&!/[^a-zA-Z0-9]/.test(t.secret)){for(var s,r,n,a=l.querySelectorAll('iframe[data-secret="'+t.secret+'"]'),o=l.querySelectorAll('blockquote[data-secret="'+t.secret+'"]'),c=new RegExp("^https?:$","i"),i=0;i<o.length;i++)o[i].style.display="none";for(i=0;i<a.length;i++)s=a[i],e.source===s.contentWindow&&(s.removeAttribute("style"),"height"===t.message?(1e3<(r=parseInt(t.value,10))?r=1e3:~~r<200&&(r=200),s.height=r):"link"===t.message&&(r=new URL(s.getAttribute("src")),n=new URL(t.value),c.test(n.protocol))&&n.host===r.host&&l.activeElement===s&&(d.top.location.href=t.value))}},d.addEventListener("message",d.wp.receiveEmbedMessage,!1),l.addEventListener("DOMContentLoaded",function(){for(var e,t,s=l.querySelectorAll("iframe.wp-embedded-content"),r=0;r<s.length;r++)(t=(e=s[r]).getAttribute("data-secret"))||(t=Math.random().toString(36).substring(2,12),e.src+="#?secret="+t,e.setAttribute("data-secret",t)),e.contentWindow.postMessage({message:"ready",secret:t},"*")},!1)))}(window,document);
//# sourceURL=https://www.collegesinstitutes.ca/wp-includes/js/wp-embed.min.js
</script>

Depuis plus de 50 ans, l’Organisation internationale de la francophonie travaille à promouvoir la richesse de la langue française, la diversité de la culture francophone à travers le monde et la coopération entre ses pays membres. À l’occasion de la Journée internationale de la francophonie, nous nous joignons aux francophones et aux francophiles pour célébrer!
